{"id":57,"date":"2025-11-11T14:15:15","date_gmt":"2025-11-11T14:15:15","guid":{"rendered":"http:\/\/interpunct.es\/?page_id=57"},"modified":"2026-01-30T20:14:44","modified_gmt":"2026-01-30T20:14:44","slug":"copia-de-aviso-legal","status":"publish","type":"page","link":"https:\/\/interpunct.es\/val\/copia-de-aviso-legal\/","title":{"rendered":"T\u00e9rminos y condiciones"},"content":{"rendered":"<div data-elementor-type=\"wp-page\" data-elementor-id=\"57\" class=\"elementor elementor-57\" data-elementor-post-type=\"page\">\n\t\t\t\t<div class=\"elementor-element elementor-element-c08a265 e-flex e-con-boxed e-con e-parent\" data-id=\"c08a265\" data-element_type=\"container\" data-e-type=\"container\">\n\t\t\t\t\t<div class=\"e-con-inner\">\n\t\t\t\t<div class=\"elementor-element elementor-element-202397a elementor-widget elementor-widget-text-editor\" data-id=\"202397a\" data-element_type=\"widget\" data-e-type=\"widget\" data-widget_type=\"text-editor.default\">\n\t\t\t\t\t\t\t\t\t<h5 class=\"font_5 wixui-rich-text__text\"><span class=\"wixui-rich-text__text\">1. INFORMACI\u00d3N GENERAL<\/span><\/h5><p class=\"font_8 wixui-rich-text__text\"><span class=\"wixui-rich-text__text\">En el presente apartado se describe la pol\u00edtica de privacidad (en adelante denominada \u201cPol\u00edtica de privacidad\u201d) aplicada a sus datos personales en el sitio web\u00a0<a class=\"wixui-rich-text__text\" href=\"https:\/\/interpunct.es\/val\/\" target=\"_blank\" rel=\"noopener\" data-auto-recognition=\"true\">https:\/\/interpunct.es<\/a>\u00a0(en adelante, la \u201cWeb\u201d), en cumplimiento de la normativa sobre protecci\u00f3n de la privacidad, y en concreto, de conformidad con la Ley Org\u00e1nica 15\/1999, del 13 de diciembre, de Protecci\u00f3n de Datos de Car\u00e1cter Personal y el Real Decreto 1720\/2007 del 21 de diciembre que la desarrolla, as\u00ed como otras normas complementarias.<\/span><\/p><p class=\"font_8 wixui-rich-text__text\"><span class=\"wixui-rich-text__text\">\u00a0<\/span><\/p><h5 class=\"font_5 wixui-rich-text__text\"><span class=\"wixui-rich-text__text\">2. DATOS IDENTIFICATIVOS<\/span><\/h5><p class=\"font_8 wixui-rich-text__text\"><span class=\"wixui-rich-text__text\">A continuaci\u00f3n, les facilitamos los datos de la persona titular y responsable de la Web a todos los efectos:<\/span><\/p><p class=\"font_8 wixui-rich-text__text\"><span class=\"wixui-rich-text__text\">INTERPUNCT TRANSLATIONS S.L. (en adelante, \u201cel titular de la web\u201d)<\/span><\/p><p class=\"font_8 wixui-rich-text__text\"><span class=\"wixui-rich-text__text\">N\u00famero de identificaci\u00f3n: B 98150006<\/span><\/p><p class=\"font_8 wixui-rich-text__text\"><span class=\"wixui-rich-text__text\">Domicilio: <\/span>C\/ Jordi de Sant Jordi 9, Quart de Poblet, Valencia.<br \/><br \/><span class=\"wixui-rich-text__text\">Email:\u00a0<a class=\"wixui-rich-text__text\" href=\"mailto:nuria@interpunct.es\" data-auto-recognition=\"true\">nuria@interpunct.es<\/a><br \/><br \/><\/span><\/p><div class=\"elementor-element elementor-element-c18e892 e-con-full e-flex e-con e-child\" data-id=\"c18e892\" data-element_type=\"container\"><div class=\"elementor-element elementor-element-4695762 elementor-nav-menu--dropdown-none elementor-widget elementor-widget-nav-menu\" data-id=\"4695762\" data-element_type=\"widget\" data-settings=\"{&quot;layout&quot;:&quot;vertical&quot;,&quot;submenu_icon&quot;:{&quot;value&quot;:&quot;&lt;svg aria-hidden=\\&quot;true\\&quot; class=\\&quot;e-font-icon-svg e-fas-caret-down\\&quot; viewBox=\\&quot;0 0 320 512\\&quot; xmlns=\\&quot;http:\\\/\\\/www.w3.org\\\/2000\\\/svg\\&quot;&gt;&lt;path d=\\&quot;M31.3 192h257.3c17.8 0 26.7 21.5 14.1 34.1L174.1 354.8c-7.8 7.8-20.5 7.8-28.3 0L17.2 226.1C4.6 213.5 13.5 192 31.3 192z\\&quot;&gt;&lt;\\\/path&gt;&lt;\\\/svg&gt;&quot;,&quot;library&quot;:&quot;fa-solid&quot;}}\" data-widget_type=\"nav-menu.default\">\u00a0<\/div><\/div><h5 class=\"font_5 wixui-rich-text__text\"><span class=\"wixui-rich-text__text\">3. FINALIDAD DEL TRATAMIENTO DE LOS DATOS<\/span><\/h5><p class=\"font_8 wixui-rich-text__text\"><span class=\"wixui-rich-text__text\">La presente Web recopila los datos personales del usuario, bien de forma autom\u00e1tica durante el uso de la Web o bien a trav\u00e9s del Usuario en los apartados informados de la Web. Todos los datos personales se incorporan a ficheros responsabilidad del Titular de la Web. Estos datos ser\u00e1n tratados con la siguiente finalidad:<\/span><\/p><p class=\"font_8 wixui-rich-text__text\"><span class=\"wixui-rich-text__text\">\u00a0<\/span><\/p><ul class=\"font_8 wixui-rich-text__text\"><li class=\"wixui-rich-text__text\"><p class=\"font_8 wixui-rich-text__text\"><span class=\"wixui-rich-text__text\">Tener en cuenta su curr\u00edculum vitae en los procesos de selecci\u00f3n de personal.<\/span><\/p><\/li><li class=\"wixui-rich-text__text\"><p class=\"font_8 wixui-rich-text__text\"><span class=\"wixui-rich-text__text\">Efectuar el env\u00edo de comunicaciones publicitarias (en el supuesto de que lo autorice expresamente en el momento oportuno) relacionadas con los productos y servicios ofrecidos en la Web.<\/span><\/p><\/li><li class=\"wixui-rich-text__text\"><p class=\"font_8 wixui-rich-text__text\"><span class=\"wixui-rich-text__text\">Gestionar los servicios y productos contratados a trav\u00e9s de la Web.<\/span><\/p><\/li><li class=\"wixui-rich-text__text\"><p class=\"font_8 wixui-rich-text__text\"><span class=\"wixui-rich-text__text\">Mostrar la informaci\u00f3n del usuario en el perfil de su cuenta de la Web.<\/span><\/p><\/li><li class=\"wixui-rich-text__text\"><p class=\"font_8 wixui-rich-text__text\"><span class=\"wixui-rich-text__text\">Poder contactar con el usuario.<\/span><\/p><\/li><li class=\"wixui-rich-text__text\"><p class=\"font_8 wixui-rich-text__text\"><span class=\"wixui-rich-text__text\">Efectuar el registro como usuario en la Web.<\/span><\/p><\/li><\/ul><p class=\"font_8 wixui-rich-text__text\"><span class=\"wixui-rich-text__text\">\u00a0<\/span><\/p><p class=\"font_8 wixui-rich-text__text\"><span class=\"wixui-rich-text__text\">Antes de que nos facilite datos personales de terceros, debe haber obtenido previamente su consentimiento con relaci\u00f3n al contenido de la presente Pol\u00edtica de privacidad.<\/span><\/p><p class=\"font_8 wixui-rich-text__text\"><span class=\"wixui-rich-text__text\">La cesi\u00f3n voluntaria de los datos de car\u00e1cter personal por parte del Usuario implica su autorizaci\u00f3n expresa para que el Titular de la Web procese sus datos como aqu\u00ed se detalla. En caso de el que los datos personales facilitados por el Usuario se utilicen con finalidades distintas a las indicadas, se solicitar\u00e1 el consentimiento expreso del Usuario.<\/span><\/p><p class=\"font_8 wixui-rich-text__text\"><span class=\"wixui-rich-text__text\">Para recibir m\u00e1s informaci\u00f3n sobre sus datos personales y la finalidad de su tratamiento, contacte con el Titular de la Web.<\/span><\/p><p class=\"font_8 wixui-rich-text__text\"><span class=\"wixui-rich-text__text\">\u00a0<\/span><\/p><h5 class=\"font_5 wixui-rich-text__text\"><span class=\"wixui-rich-text__text\">4. SEGURIDAD Y CUMPLIMIENTO<\/span><\/h5><p class=\"font_8 wixui-rich-text__text\"><span class=\"wixui-rich-text__text\">El Titular de la Web se compromete a tratar los datos de los usuarios de manera adecuada y responsable, y tomar todas las medidas de \u00edndole t\u00e9cnica y organizativa que exige la legislaci\u00f3n vigente en materia de protecci\u00f3n de datos, con el fin de evitar la p\u00e9rdida, tratamiento o acceso no autorizado a los datos.<\/span><\/p><p class=\"font_8 wixui-rich-text__text\"><span class=\"wixui-rich-text__text\">\u00a0<\/span><\/p><h5 class=\"font_5 wixui-rich-text__text\"><span class=\"wixui-rich-text__text\">5. SERVICIOS DE TERCEROS<\/span><\/h5><p class=\"font_8 wixui-rich-text__text\"><span class=\"wixui-rich-text__text\">Adem\u00e1s del Titular de la Web, en determinadas circunstancias otras personas, bien sea de la propia organizaci\u00f3n de la empresa o subcontratistas externos (abogados, agencias de marketing, inform\u00e1ticos, auditores, agencias de comunicaci\u00f3n\u2026), podr\u00e1n acceder a los datos para cumplir con una adecuada prestaci\u00f3n de los servicios al Usuario.<\/span><\/p><p class=\"font_8 wixui-rich-text__text\"><span class=\"wixui-rich-text__text\">\u00a0<\/span><\/p><h5 class=\"font_5 wixui-rich-text__text\"><span class=\"wixui-rich-text__text\">6. DERECHOS<\/span><\/h5><p class=\"font_8 wixui-rich-text__text\"><span class=\"wixui-rich-text__text\">Puede ejercer sus derechos de acceso, rectificaci\u00f3n, cancelaci\u00f3n y oposici\u00f3n, enviando una comunicaci\u00f3n escrita, acompa\u00f1ada de una copia de su documento nacional de identidad, pasaporte u otro documento v\u00e1lido que lo identifique, indicando su solicitud, su direcci\u00f3n a efectos de notificaciones, la fecha y su firma, junto con los documentos que acrediten la solicitud, en su caso, a la direcci\u00f3n C\/ Concordia, 1, local 3, 46930 Quart de Poblet, Valencia, o enviando un correo electr\u00f3nico a\u00a0<a class=\"wixui-rich-text__text\" href=\"mailto:interpunct@interpunct.es\" data-auto-recognition=\"true\">interpunct@interpunct.es<\/a><\/span><\/p><p class=\"font_8 wixui-rich-text__text\">\u00a0<\/p>\t\t\t\t\t\t\t\t<\/div>\n\t\t\t\t\t<\/div>\n\t\t\t\t<\/div>\n\t\t\t\t<\/div>","protected":false},"excerpt":{"rendered":"<p>1. INFORMACI\u00d3N GENERAL En el presente apartado se describe la pol\u00edtica de privacidad (en adelante denominada \u201cPol\u00edtica de privacidad\u201d) aplicada a sus datos personales en el sitio web\u00a0https:\/\/interpunct.es\u00a0(en adelante, la \u201cWeb\u201d), en cumplimiento de la normativa sobre protecci\u00f3n de la privacidad, y en concreto, de conformidad con la Ley Org\u00e1nica 15\/1999, del 13 de diciembre, [&hellip;]<\/p>\n","protected":false},"author":1,"featured_media":0,"parent":0,"menu_order":0,"comment_status":"closed","ping_status":"closed","template":"","meta":{"footnotes":""},"class_list":["post-57","page","type-page","status-publish","hentry"],"_links":{"self":[{"href":"https:\/\/interpunct.es\/val\/wp-json\/wp\/v2\/pages\/57","targetHints":{"allow":["GET"]}}],"collection":[{"href":"https:\/\/interpunct.es\/val\/wp-json\/wp\/v2\/pages"}],"about":[{"href":"https:\/\/interpunct.es\/val\/wp-json\/wp\/v2\/types\/page"}],"author":[{"embeddable":true,"href":"https:\/\/interpunct.es\/val\/wp-json\/wp\/v2\/users\/1"}],"replies":[{"embeddable":true,"href":"https:\/\/interpunct.es\/val\/wp-json\/wp\/v2\/comments?post=57"}],"version-history":[{"count":10,"href":"https:\/\/interpunct.es\/val\/wp-json\/wp\/v2\/pages\/57\/revisions"}],"predecessor-version":[{"id":660,"href":"https:\/\/interpunct.es\/val\/wp-json\/wp\/v2\/pages\/57\/revisions\/660"}],"wp:attachment":[{"href":"https:\/\/interpunct.es\/val\/wp-json\/wp\/v2\/media?parent=57"}],"curies":[{"name":"wp","href":"https:\/\/api.w.org\/{rel}","templated":true}]}}